{"id":3120,"date":"2023-11-28T15:44:39","date_gmt":"2023-11-28T15:44:39","guid":{"rendered":"https:\/\/hostallacreu.com\/?page_id=3120"},"modified":"2023-11-28T15:44:40","modified_gmt":"2023-11-28T15:44:40","slug":"esglesia-de-mora","status":"publish","type":"page","link":"https:\/\/hostallacreu.com\/fr\/entorn\/llocs-dinteres\/esglesia-de-mora\/","title":{"rendered":"Esgl\u00e9sia de M\u00f3ra"},"content":{"rendered":"<p><a href=\"https:\/\/hostallacreu.com\/wp-content\/uploads\/2014\/11\/TURISME-M\u00d3RA-DEBRE-ESGL\u00c9SIA-08.jpg\"><img loading=\"lazy\" decoding=\"async\" class=\"alignright  wp-image-131\" src=\"https:\/\/hostallacreu.com\/wp-content\/uploads\/2014\/11\/TURISME-M\u00d3RA-DEBRE-ESGL\u00c9SIA-08.jpg\" alt=\"TURISME M\u00d3RA D'EBRE ESGL\u00c9SIA-08\" width=\"528\" height=\"712\" srcset=\"https:\/\/hostallacreu.com\/wp-content\/uploads\/2014\/11\/TURISME-M\u00d3RA-DEBRE-ESGL\u00c9SIA-08.jpg 765w, https:\/\/hostallacreu.com\/wp-content\/uploads\/2014\/11\/TURISME-M\u00d3RA-DEBRE-ESGL\u00c9SIA-08-222x300.jpg 222w, https:\/\/hostallacreu.com\/wp-content\/uploads\/2014\/11\/TURISME-M\u00d3RA-DEBRE-ESGL\u00c9SIA-08-759x1024.jpg 759w, https:\/\/hostallacreu.com\/wp-content\/uploads\/2014\/11\/TURISME-M\u00d3RA-DEBRE-ESGL\u00c9SIA-08-624x841.jpg 624w\" sizes=\"auto, (max-width: 528px) 100vw, 528px\" \/><\/a>L\u2019esgl\u00e9sia de Sant Joan Baptista, \u00e9s un dels edificis m\u00e9s notables de M\u00f3ra d\u2019Ebre. Es troba ubicada a la pla\u00e7a de Baix indret on hi havia hagut el primer port fluvial, quedant avui a uns metres m\u00e9s elevada que el curs del riu Ebre.\u00a0L\u2019actual temple es contru\u00ed sobre l\u2019antica esgl\u00e9sia, datada ja des del segle XII, dedicada a Santa Maria i despr\u00e9s de ser destru\u00efda\u00a0durant la Primera Guerra Carlina.<\/p>\n<p>\u00c9s un temple d\u2019una sola nau cobert amb volta de creueria i cap\u00e7ada a llevant per un absis de planta poligonal. Est\u00e0 decorada amb pilastres d\u2019estil d\u00f2ric i una cornisa renaixentista.\u00a0L\u2019any 1733 es va construir el cor, la magn\u00edfica capella neocl\u00e0ssica del sagrari i una fa\u00e7ana nova. Dins d\u2019una forn\u00edcula, una escultura del patr\u00f3 presideix la portalada principal i una altra de Sant Antoni Abat, la porta lateral que ocupa possiblement una anterior de rom\u00e0nica.<\/p>\n","protected":false},"excerpt":{"rendered":"<p>L\u2019esgl\u00e9sia de Sant Joan Baptista, \u00e9s un dels edificis m\u00e9s notables de M\u00f3ra d\u2019Ebre. Es troba ubicada a la pla\u00e7a de Baix indret on hi havia hagut el primer port fluvial, quedant avui a uns metres m\u00e9s elevada que el curs del riu Ebre.\u00a0L\u2019actual temple es contru\u00ed sobre l\u2019antica esgl\u00e9sia, datada ja des del segle [&hellip;]<\/p>\n","protected":false},"author":3,"featured_media":0,"parent":3116,"menu_order":0,"comment_status":"closed","ping_status":"closed","template":"","meta":{"_monsterinsights_skip_tracking":false,"_monsterinsights_sitenote_active":false,"_monsterinsights_sitenote_note":"","_monsterinsights_sitenote_category":0,"footnotes":""},"class_list":["post-3120","page","type-page","status-publish","hentry"],"yoast_head":"<!-- This site is optimized with the Yoast SEO plugin v26.2 - https:\/\/yoast.com\/wordpress\/plugins\/seo\/ -->\n<title>Esgl\u00e9sia de M\u00f3ra - Hostal Gastron\u00f2mic La Creu<\/title>\n<meta name=\"robots\" content=\"index, follow, max-snippet:-1, max-image-preview:large, max-video-preview:-1\" \/>\n<link rel=\"canonical\" href=\"https:\/\/hostallacreu.com\/fr\/entorn\/llocs-dinteres\/esglesia-de-mora\/\" \/>\n<meta property=\"og:locale\" content=\"fr_FR\" \/>\n<meta property=\"og:type\" content=\"article\" \/>\n<meta property=\"og:title\" content=\"Esgl\u00e9sia de M\u00f3ra - Hostal Gastron\u00f2mic La Creu\" \/>\n<meta property=\"og:description\" content=\"L\u2019esgl\u00e9sia de Sant Joan Baptista, \u00e9s un dels edificis m\u00e9s notables de M\u00f3ra d\u2019Ebre. Es troba ubicada a la pla\u00e7a de Baix indret on hi havia hagut el primer port fluvial, quedant avui a uns metres m\u00e9s elevada que el curs del riu Ebre.\u00a0L\u2019actual temple es contru\u00ed sobre l\u2019antica esgl\u00e9sia, datada ja des del segle [&hellip;]\" \/>\n<meta property=\"og:url\" content=\"https:\/\/hostallacreu.com\/fr\/entorn\/llocs-dinteres\/esglesia-de-mora\/\" \/>\n<meta property=\"og:site_name\" content=\"Hostal Gastron\u00f2mic La Creu\" \/>\n<meta property=\"article:modified_time\" content=\"2023-11-28T15:44:40+00:00\" \/>\n<meta name=\"twitter:label1\" content=\"Dur\u00e9e de lecture estim\u00e9e\" \/>\n\t<meta name=\"twitter:data1\" content=\"2 minutes\" \/>\n<script type=\"application\/ld+json\" class=\"yoast-schema-graph\">{\"@context\":\"https:\/\/schema.org\",\"@graph\":[{\"@type\":\"WebPage\",\"@id\":\"https:\/\/hostallacreu.com\/fr\/entorn\/llocs-dinteres\/esglesia-de-mora\/\",\"url\":\"https:\/\/hostallacreu.com\/fr\/entorn\/llocs-dinteres\/esglesia-de-mora\/\",\"name\":\"Esgl\u00e9sia de M\u00f3ra - Hostal Gastron\u00f2mic La Creu\",\"isPartOf\":{\"@id\":\"https:\/\/hostallacreu.com\/#website\"},\"datePublished\":\"2023-11-28T15:44:39+00:00\",\"dateModified\":\"2023-11-28T15:44:40+00:00\",\"breadcrumb\":{\"@id\":\"https:\/\/hostallacreu.com\/fr\/entorn\/llocs-dinteres\/esglesia-de-mora\/#breadcrumb\"},\"inLanguage\":\"fr-FR\",\"potentialAction\":[{\"@type\":\"ReadAction\",\"target\":[\"https:\/\/hostallacreu.com\/fr\/entorn\/llocs-dinteres\/esglesia-de-mora\/\"]}]},{\"@type\":\"BreadcrumbList\",\"@id\":\"https:\/\/hostallacreu.com\/fr\/entorn\/llocs-dinteres\/esglesia-de-mora\/#breadcrumb\",\"itemListElement\":[{\"@type\":\"ListItem\",\"position\":1,\"name\":\"Home\",\"item\":\"https:\/\/hostallacreu.com\/fr\/\"},{\"@type\":\"ListItem\",\"position\":2,\"name\":\"Entorn\",\"item\":\"https:\/\/hostallacreu.com\/fr\/entorn\/\"},{\"@type\":\"ListItem\",\"position\":3,\"name\":\"Llocs d&rsquo;inter\u00e8s\",\"item\":\"https:\/\/hostallacreu.com\/fr\/entorn\/llocs-dinteres\/\"},{\"@type\":\"ListItem\",\"position\":4,\"name\":\"Esgl\u00e9sia de M\u00f3ra\"}]},{\"@type\":\"WebSite\",\"@id\":\"https:\/\/hostallacreu.com\/#website\",\"url\":\"https:\/\/hostallacreu.com\/\",\"name\":\"Hostal Gastron\u00f2mic La Creu\",\"description\":\"El teu allotjament i restaurant a la Ribera d&#039;Ebre\",\"potentialAction\":[{\"@type\":\"SearchAction\",\"target\":{\"@type\":\"EntryPoint\",\"urlTemplate\":\"https:\/\/hostallacreu.com\/?s={search_term_string}\"},\"query-input\":{\"@type\":\"PropertyValueSpecification\",\"valueRequired\":true,\"valueName\":\"search_term_string\"}}],\"inLanguage\":\"fr-FR\"}]}<\/script>\n<!-- \/ Yoast SEO plugin. -->","yoast_head_json":{"title":"Esgl\u00e9sia de M\u00f3ra - Hostal Gastron\u00f2mic La Creu","robots":{"index":"index","follow":"follow","max-snippet":"max-snippet:-1","max-image-preview":"max-image-preview:large","max-video-preview":"max-video-preview:-1"},"canonical":"https:\/\/hostallacreu.com\/fr\/entorn\/llocs-dinteres\/esglesia-de-mora\/","og_locale":"fr_FR","og_type":"article","og_title":"Esgl\u00e9sia de M\u00f3ra - Hostal Gastron\u00f2mic La Creu","og_description":"L\u2019esgl\u00e9sia de Sant Joan Baptista, \u00e9s un dels edificis m\u00e9s notables de M\u00f3ra d\u2019Ebre. Es troba ubicada a la pla\u00e7a de Baix indret on hi havia hagut el primer port fluvial, quedant avui a uns metres m\u00e9s elevada que el curs del riu Ebre.\u00a0L\u2019actual temple es contru\u00ed sobre l\u2019antica esgl\u00e9sia, datada ja des del segle [&hellip;]","og_url":"https:\/\/hostallacreu.com\/fr\/entorn\/llocs-dinteres\/esglesia-de-mora\/","og_site_name":"Hostal Gastron\u00f2mic La Creu","article_modified_time":"2023-11-28T15:44:40+00:00","twitter_misc":{"Dur\u00e9e de lecture estim\u00e9e":"2 minutes"},"schema":{"@context":"https:\/\/schema.org","@graph":[{"@type":"WebPage","@id":"https:\/\/hostallacreu.com\/fr\/entorn\/llocs-dinteres\/esglesia-de-mora\/","url":"https:\/\/hostallacreu.com\/fr\/entorn\/llocs-dinteres\/esglesia-de-mora\/","name":"Esgl\u00e9sia de M\u00f3ra - Hostal Gastron\u00f2mic La Creu","isPartOf":{"@id":"https:\/\/hostallacreu.com\/#website"},"datePublished":"2023-11-28T15:44:39+00:00","dateModified":"2023-11-28T15:44:40+00:00","breadcrumb":{"@id":"https:\/\/hostallacreu.com\/fr\/entorn\/llocs-dinteres\/esglesia-de-mora\/#breadcrumb"},"inLanguage":"fr-FR","potentialAction":[{"@type":"ReadAction","target":["https:\/\/hostallacreu.com\/fr\/entorn\/llocs-dinteres\/esglesia-de-mora\/"]}]},{"@type":"BreadcrumbList","@id":"https:\/\/hostallacreu.com\/fr\/entorn\/llocs-dinteres\/esglesia-de-mora\/#breadcrumb","itemListElement":[{"@type":"ListItem","position":1,"name":"Home","item":"https:\/\/hostallacreu.com\/fr\/"},{"@type":"ListItem","position":2,"name":"Entorn","item":"https:\/\/hostallacreu.com\/fr\/entorn\/"},{"@type":"ListItem","position":3,"name":"Llocs d&rsquo;inter\u00e8s","item":"https:\/\/hostallacreu.com\/fr\/entorn\/llocs-dinteres\/"},{"@type":"ListItem","position":4,"name":"Esgl\u00e9sia de M\u00f3ra"}]},{"@type":"WebSite","@id":"https:\/\/hostallacreu.com\/#website","url":"https:\/\/hostallacreu.com\/","name":"Hostal Gastron\u00f2mic La Creu","description":"El teu allotjament i restaurant a la Ribera d&#039;Ebre","potentialAction":[{"@type":"SearchAction","target":{"@type":"EntryPoint","urlTemplate":"https:\/\/hostallacreu.com\/?s={search_term_string}"},"query-input":{"@type":"PropertyValueSpecification","valueRequired":true,"valueName":"search_term_string"}}],"inLanguage":"fr-FR"}]}},"_links":{"self":[{"href":"https:\/\/hostallacreu.com\/fr\/wp-json\/wp\/v2\/pages\/3120","targetHints":{"allow":["GET"]}}],"collection":[{"href":"https:\/\/hostallacreu.com\/fr\/wp-json\/wp\/v2\/pages"}],"about":[{"href":"https:\/\/hostallacreu.com\/fr\/wp-json\/wp\/v2\/types\/page"}],"author":[{"embeddable":true,"href":"https:\/\/hostallacreu.com\/fr\/wp-json\/wp\/v2\/users\/3"}],"replies":[{"embeddable":true,"href":"https:\/\/hostallacreu.com\/fr\/wp-json\/wp\/v2\/comments?post=3120"}],"version-history":[{"count":1,"href":"https:\/\/hostallacreu.com\/fr\/wp-json\/wp\/v2\/pages\/3120\/revisions"}],"predecessor-version":[{"id":3126,"href":"https:\/\/hostallacreu.com\/fr\/wp-json\/wp\/v2\/pages\/3120\/revisions\/3126"}],"up":[{"embeddable":true,"href":"https:\/\/hostallacreu.com\/fr\/wp-json\/wp\/v2\/pages\/3116"}],"wp:attachment":[{"href":"https:\/\/hostallacreu.com\/fr\/wp-json\/wp\/v2\/media?parent=3120"}],"curies":[{"name":"wp","href":"https:\/\/api.w.org\/{rel}","templated":true}]}}

Església de Móra

<p><a href="https://hostallacreu.com/wp-content/uploads/2014/11/TURISME-MÓRA-DEBRE-ESGLÉSIA-08.jpg"><img loading="lazy" decoding="async" class="alignright  wp-image-131" src="https://hostallacreu.com/wp-content/uploads/2014/11/TURISME-MÓRA-DEBRE-ESGLÉSIA-08.jpg" alt="TURISME MÓRA D'EBRE ESGLÉSIA-08" width="528" height="712" srcset="https://hostallacreu.com/wp-content/uploads/2014/11/TURISME-MÓRA-DEBRE-ESGLÉSIA-08.jpg 765w, https://hostallacreu.com/wp-content/uploads/2014/11/TURISME-MÓRA-DEBRE-ESGLÉSIA-08-222x300.jpg 222w, https://hostallacreu.com/wp-content/uploads/2014/11/TURISME-MÓRA-DEBRE-ESGLÉSIA-08-759x1024.jpg 759w, https://hostallacreu.com/wp-content/uploads/2014/11/TURISME-MÓRA-DEBRE-ESGLÉSIA-08-624x841.jpg 624w" sizes="auto, (max-width: 528px) 100vw, 528px" /></a>L’església de Sant Joan Baptista, és un dels edificis més notables de Móra d’Ebre. Es troba ubicada a la plaça de Baix indret on hi havia hagut el primer port fluvial, quedant avui a uns metres més elevada que el curs del riu Ebre. L’actual temple es contruí sobre l’antica església, datada ja des del segle XII, dedicada a Santa Maria i després de ser destruïda durant la Primera Guerra Carlina.</p>
<p>És un temple d’una sola nau cobert amb volta de creueria i capçada a llevant per un absis de planta poligonal. Està decorada amb pilastres d’estil dòric i una cornisa renaixentista. L’any 1733 es va construir el cor, la magnífica capella neoclàssica del sagrari i una façana nova. Dins d’una fornícula, una escultura del patró presideix la portalada principal i una altra de Sant Antoni Abat, la porta lateral que ocupa possiblement una anterior de romànica.</p>

<p>L’església de Sant Joan Baptista, és un dels edificis més notables de Móra d’Ebre. Es troba ubicada a la plaça de Baix indret on hi havia hagut el primer port fluvial, quedant avui a uns metres més elevada que el curs del riu Ebre. L’actual temple es contruí sobre l’antica església, datada ja des del segle [&hellip;]</p>

<!-- This site is optimized with the Yoast SEO plugin v26.2 - https://yoast.com/wordpress/plugins/seo/ -->
<title>Església de Móra - Hostal Gastronòmic La Creu</title>
<meta name="robots" content="index, follow, max-snippet:-1, max-image-preview:large, max-video-preview:-1" />
<link rel="canonical" href="https://hostallacreu.com/fr/entorn/llocs-dinteres/esglesia-de-mora/" />
<meta property="og:locale" content="fr_FR" />
<meta property="og:type" content="article" />
<meta property="og:title" content="Església de Móra - Hostal Gastronòmic La Creu" />
<meta property="og:description" content="L’església de Sant Joan Baptista, és un dels edificis més notables de Móra d’Ebre. Es troba ubicada a la plaça de Baix indret on hi havia hagut el primer port fluvial, quedant avui a uns metres més elevada que el curs del riu Ebre. L’actual temple es contruí sobre l’antica església, datada ja des del segle [&hellip;]" />
<meta property="og:url" content="https://hostallacreu.com/fr/entorn/llocs-dinteres/esglesia-de-mora/" />
<meta property="og:site_name" content="Hostal Gastronòmic La Creu" />
<meta property="article:modified_time" content="2023-11-28T15:44:40+00:00" />
<meta name="twitter:label1" content="Durée de lecture estimée" />
	<meta name="twitter:data1" content="2 minutes" />
<script type="application/ld+json" class="yoast-schema-graph">{"@context":"https://schema.org","@graph":[{"@type":"WebPage","@id":"https://hostallacreu.com/fr/entorn/llocs-dinteres/esglesia-de-mora/","url":"https://hostallacreu.com/fr/entorn/llocs-dinteres/esglesia-de-mora/","name":"Església de Móra - Hostal Gastronòmic La Creu","isPartOf":{"@id":"https://hostallacreu.com/#website"},"datePublished":"2023-11-28T15:44:39+00:00","dateModified":"2023-11-28T15:44:40+00:00","breadcrumb":{"@id":"https://hostallacreu.com/fr/entorn/llocs-dinteres/esglesia-de-mora/#breadcrumb"},"inLanguage":"fr-FR","potentialAction":[{"@type":"ReadAction","target":["https://hostallacreu.com/fr/entorn/llocs-dinteres/esglesia-de-mora/"]}]},{"@type":"BreadcrumbList","@id":"https://hostallacreu.com/fr/entorn/llocs-dinteres/esglesia-de-mora/#breadcrumb","itemListElement":[{"@type":"ListItem","position":1,"name":"Home","item":"https://hostallacreu.com/fr/"},{"@type":"ListItem","position":2,"name":"Entorn","item":"https://hostallacreu.com/fr/entorn/"},{"@type":"ListItem","position":3,"name":"Llocs d&rsquo;interès","item":"https://hostallacreu.com/fr/entorn/llocs-dinteres/"},{"@type":"ListItem","position":4,"name":"Església de Móra"}]},{"@type":"WebSite","@id":"https://hostallacreu.com/#website","url":"https://hostallacreu.com/","name":"Hostal Gastronòmic La Creu","description":"El teu allotjament i restaurant a la Ribera d&#039;Ebre","potentialAction":[{"@type":"SearchAction","target":{"@type":"EntryPoint","urlTemplate":"https://hostallacreu.com/?s={search_term_string}"},"query-input":{"@type":"PropertyValueSpecification","valueRequired":true,"valueName":"search_term_string"}}],"inLanguage":"fr-FR"}]}</script>
<!-- / Yoast SEO plugin. -->

Església de Móra - Hostal Gastronòmic La Creu

L’església de Sant Joan Baptista, és un dels edificis més notables de Móra d’Ebre. Es troba ubicada a la plaça de Baix indret on hi havia hagut el primer port fluvial, quedant avui a uns metres més elevada que el curs del riu Ebre. L’actual temple es contruí sobre l’antica església, datada ja des del segle [&hellip;]

Hostal Gastronòmic La Creu

Llocs d&rsquo;interès
