{"id":2480,"date":"2015-01-12T20:07:05","date_gmt":"2015-01-12T20:07:05","guid":{"rendered":"http:\/\/hostallacreu.com\/wp-content\/uploads\/2014\/11\/10570147_1510307779206110_1868526662_n.jpg"},"modified":"2015-01-12T20:07:05","modified_gmt":"2015-01-12T20:07:05","slug":"10570147_1510307779206110_1868526662_n-2","status":"inherit","type":"attachment","link":"https:\/\/hostallacreu.com\/es\/10570147_1510307779206110_1868526662_n-2\/","title":{"rendered":"10570147_1510307779206110_1868526662_n"},"author":0,"featured_media":0,"comment_status":"closed","ping_status":"closed","template":"","meta":{"_monsterinsights_skip_tracking":false,"_monsterinsights_sitenote_active":false,"_monsterinsights_sitenote_note":"","_monsterinsights_sitenote_category":0},"class_list":["post-2480","attachment","type-attachment","status-inherit","hentry"],"yoast_head":"<!-- This site is optimized with the Yoast SEO plugin v26.2 - https:\/\/yoast.com\/wordpress\/plugins\/seo\/ -->\n<title>10570147_1510307779206110_1868526662_n - Hostal Gastron\u00f2mic La Creu<\/title>\n<meta name=\"robots\" content=\"index, follow, max-snippet:-1, max-image-preview:large, max-video-preview:-1\" \/>\n<link rel=\"canonical\" href=\"https:\/\/hostallacreu.com\/wp-content\/uploads\/2014\/11\/10570147_1510307779206110_1868526662_n.jpg\" \/>\n<meta property=\"og:locale\" content=\"es_ES\" \/>\n<meta property=\"og:type\" content=\"article\" \/>\n<meta property=\"og:title\" content=\"10570147_1510307779206110_1868526662_n - Hostal Gastron\u00f2mic La Creu\" \/>\n<meta property=\"og:description\" content=\"La Casa Montagut de M\u00f3ra d&#039;Ebre, una casa senyorial d&#039;estil setcentista, se suma als espais visitables de M\u00f3ra d&#039;Ebre.\" \/>\n<meta property=\"og:url\" content=\"https:\/\/hostallacreu.com\/wp-content\/uploads\/2014\/11\/10570147_1510307779206110_1868526662_n.jpg\" \/>\n<meta property=\"og:site_name\" content=\"Hostal Gastron\u00f2mic La Creu\" \/>\n<meta property=\"og:image\" content=\"https:\/\/hostallacreu.com\/wp-content\/uploads\/2014\/11\/10570147_1510307779206110_1868526662_n.jpg\" \/>\n\t<meta property=\"og:image:width\" content=\"640\" \/>\n\t<meta property=\"og:image:height\" content=\"640\" \/>\n\t<meta property=\"og:image:type\" content=\"image\/jpeg\" \/>\n<script type=\"application\/ld+json\" class=\"yoast-schema-graph\">{\"@context\":\"https:\/\/schema.org\",\"@graph\":[{\"@type\":\"WebPage\",\"@id\":\"https:\/\/hostallacreu.com\/wp-content\/uploads\/2014\/11\/10570147_1510307779206110_1868526662_n.jpg\",\"url\":\"https:\/\/hostallacreu.com\/wp-content\/uploads\/2014\/11\/10570147_1510307779206110_1868526662_n.jpg\",\"name\":\"10570147_1510307779206110_1868526662_n - Hostal Gastron\u00f2mic La Creu\",\"isPartOf\":{\"@id\":\"https:\/\/hostallacreu.com\/#website\"},\"datePublished\":\"2015-01-12T20:07:05+00:00\",\"breadcrumb\":{\"@id\":\"https:\/\/hostallacreu.com\/wp-content\/uploads\/2014\/11\/10570147_1510307779206110_1868526662_n.jpg#breadcrumb\"},\"inLanguage\":\"es\",\"potentialAction\":[{\"@type\":\"ReadAction\",\"target\":[\"https:\/\/hostallacreu.com\/wp-content\/uploads\/2014\/11\/10570147_1510307779206110_1868526662_n.jpg\"]}]},{\"@type\":\"BreadcrumbList\",\"@id\":\"https:\/\/hostallacreu.com\/wp-content\/uploads\/2014\/11\/10570147_1510307779206110_1868526662_n.jpg#breadcrumb\",\"itemListElement\":[{\"@type\":\"ListItem\",\"position\":1,\"name\":\"Home\",\"item\":\"https:\/\/hostallacreu.com\/es\/\"},{\"@type\":\"ListItem\",\"position\":2,\"name\":\"10570147_1510307779206110_1868526662_n\"}]},{\"@type\":\"WebSite\",\"@id\":\"https:\/\/hostallacreu.com\/#website\",\"url\":\"https:\/\/hostallacreu.com\/\",\"name\":\"Hostal Gastron\u00f2mic La Creu\",\"description\":\"El teu allotjament i restaurant a la Ribera d&#039;Ebre\",\"potentialAction\":[{\"@type\":\"SearchAction\",\"target\":{\"@type\":\"EntryPoint\",\"urlTemplate\":\"https:\/\/hostallacreu.com\/?s={search_term_string}\"},\"query-input\":{\"@type\":\"PropertyValueSpecification\",\"valueRequired\":true,\"valueName\":\"search_term_string\"}}],\"inLanguage\":\"es\"}]}<\/script>\n<!-- \/ Yoast SEO plugin. -->","yoast_head_json":{"title":"10570147_1510307779206110_1868526662_n - Hostal Gastron\u00f2mic La Creu","robots":{"index":"index","follow":"follow","max-snippet":"max-snippet:-1","max-image-preview":"max-image-preview:large","max-video-preview":"max-video-preview:-1"},"canonical":"https:\/\/hostallacreu.com\/wp-content\/uploads\/2014\/11\/10570147_1510307779206110_1868526662_n.jpg","og_locale":"es_ES","og_type":"article","og_title":"10570147_1510307779206110_1868526662_n - Hostal Gastron\u00f2mic La Creu","og_description":"La Casa Montagut de M\u00f3ra d'Ebre, una casa senyorial d'estil setcentista, se suma als espais visitables de M\u00f3ra d'Ebre.","og_url":"https:\/\/hostallacreu.com\/wp-content\/uploads\/2014\/11\/10570147_1510307779206110_1868526662_n.jpg","og_site_name":"Hostal Gastron\u00f2mic La Creu","og_image":[{"width":640,"height":640,"url":"https:\/\/hostallacreu.com\/wp-content\/uploads\/2014\/11\/10570147_1510307779206110_1868526662_n.jpg","type":"image\/jpeg"}],"schema":{"@context":"https:\/\/schema.org","@graph":[{"@type":"WebPage","@id":"https:\/\/hostallacreu.com\/wp-content\/uploads\/2014\/11\/10570147_1510307779206110_1868526662_n.jpg","url":"https:\/\/hostallacreu.com\/wp-content\/uploads\/2014\/11\/10570147_1510307779206110_1868526662_n.jpg","name":"10570147_1510307779206110_1868526662_n - Hostal Gastron\u00f2mic La Creu","isPartOf":{"@id":"https:\/\/hostallacreu.com\/#website"},"datePublished":"2015-01-12T20:07:05+00:00","breadcrumb":{"@id":"https:\/\/hostallacreu.com\/wp-content\/uploads\/2014\/11\/10570147_1510307779206110_1868526662_n.jpg#breadcrumb"},"inLanguage":"es","potentialAction":[{"@type":"ReadAction","target":["https:\/\/hostallacreu.com\/wp-content\/uploads\/2014\/11\/10570147_1510307779206110_1868526662_n.jpg"]}]},{"@type":"BreadcrumbList","@id":"https:\/\/hostallacreu.com\/wp-content\/uploads\/2014\/11\/10570147_1510307779206110_1868526662_n.jpg#breadcrumb","itemListElement":[{"@type":"ListItem","position":1,"name":"Home","item":"https:\/\/hostallacreu.com\/es\/"},{"@type":"ListItem","position":2,"name":"10570147_1510307779206110_1868526662_n"}]},{"@type":"WebSite","@id":"https:\/\/hostallacreu.com\/#website","url":"https:\/\/hostallacreu.com\/","name":"Hostal Gastron\u00f2mic La Creu","description":"El teu allotjament i restaurant a la Ribera d&#039;Ebre","potentialAction":[{"@type":"SearchAction","target":{"@type":"EntryPoint","urlTemplate":"https:\/\/hostallacreu.com\/?s={search_term_string}"},"query-input":{"@type":"PropertyValueSpecification","valueRequired":true,"valueName":"search_term_string"}}],"inLanguage":"es"}]}},"description":{"rendered":"<p class=\"attachment\"><a href='https:\/\/hostallacreu.com\/wp-content\/uploads\/2014\/11\/10570147_1510307779206110_1868526662_n.jpg'><img loading=\"lazy\" decoding=\"async\" width=\"300\" height=\"300\" src=\"https:\/\/hostallacreu.com\/wp-content\/uploads\/2014\/11\/10570147_1510307779206110_1868526662_n-300x300.jpg\" class=\"attachment-medium size-medium\" alt=\"\" srcset=\"https:\/\/hostallacreu.com\/wp-content\/uploads\/2014\/11\/10570147_1510307779206110_1868526662_n-300x300.jpg 300w, https:\/\/hostallacreu.com\/wp-content\/uploads\/2014\/11\/10570147_1510307779206110_1868526662_n-150x150.jpg 150w, https:\/\/hostallacreu.com\/wp-content\/uploads\/2014\/11\/10570147_1510307779206110_1868526662_n-624x624.jpg 624w, https:\/\/hostallacreu.com\/wp-content\/uploads\/2014\/11\/10570147_1510307779206110_1868526662_n.jpg 640w\" sizes=\"auto, (max-width: 300px) 100vw, 300px\" \/><\/a><\/p>\n"},"caption":{"rendered":"<p>La Casa Montagut de M\u00f3ra d&#8217;Ebre, una casa senyorial d&#8217;estil setcentista, se suma als espais visitables de M\u00f3ra d&#8217;Ebre.<\/p>\n"},"alt_text":"","media_type":"image","mime_type":"image\/jpeg","media_details":{"width":640,"height":640,"file":"2014\/11\/10570147_1510307779206110_1868526662_n.jpg","sizes":{"thumbnail":{"file":"10570147_1510307779206110_1868526662_n-150x150.jpg","width":150,"height":150,"mime_type":"image\/jpeg","source_url":"https:\/\/hostallacreu.com\/wp-content\/uploads\/2014\/11\/10570147_1510307779206110_1868526662_n-150x150.jpg"},"medium":{"file":"10570147_1510307779206110_1868526662_n-300x300.jpg","width":300,"height":300,"mime_type":"image\/jpeg","source_url":"https:\/\/hostallacreu.com\/wp-content\/uploads\/2014\/11\/10570147_1510307779206110_1868526662_n-300x300.jpg"},"post-thumbnail":{"file":"10570147_1510307779206110_1868526662_n-624x624.jpg","width":624,"height":624,"mime_type":"image\/jpeg","source_url":"https:\/\/hostallacreu.com\/wp-content\/uploads\/2014\/11\/10570147_1510307779206110_1868526662_n-624x624.jpg"},"full":{"file":"10570147_1510307779206110_1868526662_n.jpg","width":640,"height":640,"mime_type":"image\/jpeg","source_url":"https:\/\/hostallacreu.com\/wp-content\/uploads\/2014\/11\/10570147_1510307779206110_1868526662_n.jpg"}},"image_meta":{"aperture":0,"credit":"","camera":"","caption":"","created_timestamp":0,"copyright":"","focal_length":0,"iso":0,"shutter_speed":0,"title":"","orientation":0}},"post":null,"source_url":"https:\/\/hostallacreu.com\/wp-content\/uploads\/2014\/11\/10570147_1510307779206110_1868526662_n.jpg","_links":{"self":[{"href":"https:\/\/hostallacreu.com\/es\/wp-json\/wp\/v2\/media\/2480","targetHints":{"allow":["GET"]}}],"collection":[{"href":"https:\/\/hostallacreu.com\/es\/wp-json\/wp\/v2\/media"}],"about":[{"href":"https:\/\/hostallacreu.com\/es\/wp-json\/wp\/v2\/types\/attachment"}],"replies":[{"embeddable":true,"href":"https:\/\/hostallacreu.com\/es\/wp-json\/wp\/v2\/comments?post=2480"}]}}

<!-- This site is optimized with the Yoast SEO plugin v26.2 - https://yoast.com/wordpress/plugins/seo/ -->
<title>10570147_1510307779206110_1868526662_n - Hostal Gastronòmic La Creu</title>
<meta name="robots" content="index, follow, max-snippet:-1, max-image-preview:large, max-video-preview:-1" />
<link rel="canonical" href="https://hostallacreu.com/wp-content/uploads/2014/11/10570147_1510307779206110_1868526662_n.jpg" />
<meta property="og:locale" content="es_ES" />
<meta property="og:type" content="article" />
<meta property="og:title" content="10570147_1510307779206110_1868526662_n - Hostal Gastronòmic La Creu" />
<meta property="og:description" content="La Casa Montagut de Móra d&#039;Ebre, una casa senyorial d&#039;estil setcentista, se suma als espais visitables de Móra d&#039;Ebre." />
<meta property="og:url" content="https://hostallacreu.com/wp-content/uploads/2014/11/10570147_1510307779206110_1868526662_n.jpg" />
<meta property="og:site_name" content="Hostal Gastronòmic La Creu" />
<meta property="og:image" content="https://hostallacreu.com/wp-content/uploads/2014/11/10570147_1510307779206110_1868526662_n.jpg" />
	<meta property="og:image:width" content="640" />
	<meta property="og:image:height" content="640" />
	<meta property="og:image:type" content="image/jpeg" />
<script type="application/ld+json" class="yoast-schema-graph">{"@context":"https://schema.org","@graph":[{"@type":"WebPage","@id":"https://hostallacreu.com/wp-content/uploads/2014/11/10570147_1510307779206110_1868526662_n.jpg","url":"https://hostallacreu.com/wp-content/uploads/2014/11/10570147_1510307779206110_1868526662_n.jpg","name":"10570147_1510307779206110_1868526662_n - Hostal Gastronòmic La Creu","isPartOf":{"@id":"https://hostallacreu.com/#website"},"datePublished":"2015-01-12T20:07:05+00:00","breadcrumb":{"@id":"https://hostallacreu.com/wp-content/uploads/2014/11/10570147_1510307779206110_1868526662_n.jpg#breadcrumb"},"inLanguage":"es","potentialAction":[{"@type":"ReadAction","target":["https://hostallacreu.com/wp-content/uploads/2014/11/10570147_1510307779206110_1868526662_n.jpg"]}]},{"@type":"BreadcrumbList","@id":"https://hostallacreu.com/wp-content/uploads/2014/11/10570147_1510307779206110_1868526662_n.jpg#breadcrumb","itemListElement":[{"@type":"ListItem","position":1,"name":"Home","item":"https://hostallacreu.com/es/"},{"@type":"ListItem","position":2,"name":"10570147_1510307779206110_1868526662_n"}]},{"@type":"WebSite","@id":"https://hostallacreu.com/#website","url":"https://hostallacreu.com/","name":"Hostal Gastronòmic La Creu","description":"El teu allotjament i restaurant a la Ribera d&#039;Ebre","potentialAction":[{"@type":"SearchAction","target":{"@type":"EntryPoint","urlTemplate":"https://hostallacreu.com/?s={search_term_string}"},"query-input":{"@type":"PropertyValueSpecification","valueRequired":true,"valueName":"search_term_string"}}],"inLanguage":"es"}]}</script>
<!-- / Yoast SEO plugin. -->

10570147_1510307779206110_1868526662_n - Hostal Gastronòmic La Creu

La Casa Montagut de Móra d'Ebre, una casa senyorial d'estil setcentista, se suma als espais visitables de Móra d'Ebre.

Hostal Gastronòmic La Creu

<p>La Casa Montagut de Móra d&#8217;Ebre, una casa senyorial d&#8217;estil setcentista, se suma als espais visitables de Móra d&#8217;Ebre.</p>
