{"id":2259,"date":"2014-11-21T15:53:17","date_gmt":"2014-11-21T15:53:17","guid":{"rendered":"http:\/\/hostallacreu.com\/wp-content\/uploads\/2014\/11\/perles-de-mel\u00f3-amb-virutes-de-pernil-i-foi\u00e9.jpg"},"modified":"2014-11-21T15:53:17","modified_gmt":"2014-11-21T15:53:17","slug":"perles-de-melo-amb-virutes-de-pernil-i-foie-2-2","status":"inherit","type":"attachment","link":"https:\/\/hostallacreu.com\/en\/perles-de-melo-amb-virutes-de-pernil-i-foie-2-2\/","title":{"rendered":"perles-de-mel\u00f3-amb-virutes-de-pernil-i-foi\u00e9"},"author":3,"featured_media":0,"comment_status":"closed","ping_status":"closed","template":"","meta":{"_monsterinsights_skip_tracking":false,"_monsterinsights_sitenote_active":false,"_monsterinsights_sitenote_note":"","_monsterinsights_sitenote_category":0},"class_list":["post-2259","attachment","type-attachment","status-inherit","hentry"],"yoast_head":"<!-- This site is optimized with the Yoast SEO plugin v26.2 - https:\/\/yoast.com\/wordpress\/plugins\/seo\/ -->\n<title>perles-de-mel\u00f3-amb-virutes-de-pernil-i-foi\u00e9 - Hostal Gastron\u00f2mic La Creu<\/title>\n<meta name=\"robots\" content=\"index, follow, max-snippet:-1, max-image-preview:large, max-video-preview:-1\" \/>\n<link rel=\"canonical\" href=\"https:\/\/hostallacreu.com\/wp-content\/uploads\/2014\/11\/perles-de-mel\u00f3-amb-virutes-de-pernil-i-foi\u00e9.jpg\" \/>\n<meta property=\"og:locale\" content=\"en_US\" \/>\n<meta property=\"og:type\" content=\"article\" \/>\n<meta property=\"og:title\" content=\"perles-de-mel\u00f3-amb-virutes-de-pernil-i-foi\u00e9 - Hostal Gastron\u00f2mic La Creu\" \/>\n<meta property=\"og:url\" content=\"https:\/\/hostallacreu.com\/wp-content\/uploads\/2014\/11\/perles-de-mel\u00f3-amb-virutes-de-pernil-i-foi\u00e9.jpg\" \/>\n<meta property=\"og:site_name\" content=\"Hostal Gastron\u00f2mic La Creu\" \/>\n<meta property=\"og:image\" content=\"https:\/\/hostallacreu.com\/wp-content\/uploads\/2014\/11\/perles-de-mel\u00f3-amb-virutes-de-pernil-i-foi\u00e9.jpg\" \/>\n\t<meta property=\"og:image:width\" content=\"1152\" \/>\n\t<meta property=\"og:image:height\" content=\"768\" \/>\n\t<meta property=\"og:image:type\" content=\"image\/jpeg\" \/>\n<script type=\"application\/ld+json\" class=\"yoast-schema-graph\">{\"@context\":\"https:\/\/schema.org\",\"@graph\":[{\"@type\":\"WebPage\",\"@id\":\"https:\/\/hostallacreu.com\/wp-content\/uploads\/2014\/11\/perles-de-mel\u00f3-amb-virutes-de-pernil-i-foi\u00e9.jpg\",\"url\":\"https:\/\/hostallacreu.com\/wp-content\/uploads\/2014\/11\/perles-de-mel\u00f3-amb-virutes-de-pernil-i-foi\u00e9.jpg\",\"name\":\"perles-de-mel\u00f3-amb-virutes-de-pernil-i-foi\u00e9 - Hostal Gastron\u00f2mic La Creu\",\"isPartOf\":{\"@id\":\"https:\/\/hostallacreu.com\/#website\"},\"datePublished\":\"2014-11-21T15:53:17+00:00\",\"breadcrumb\":{\"@id\":\"https:\/\/hostallacreu.com\/wp-content\/uploads\/2014\/11\/perles-de-mel\u00f3-amb-virutes-de-pernil-i-foi\u00e9.jpg#breadcrumb\"},\"inLanguage\":\"en-US\",\"potentialAction\":[{\"@type\":\"ReadAction\",\"target\":[\"https:\/\/hostallacreu.com\/wp-content\/uploads\/2014\/11\/perles-de-mel\u00f3-amb-virutes-de-pernil-i-foi\u00e9.jpg\"]}]},{\"@type\":\"BreadcrumbList\",\"@id\":\"https:\/\/hostallacreu.com\/wp-content\/uploads\/2014\/11\/perles-de-mel\u00f3-amb-virutes-de-pernil-i-foi\u00e9.jpg#breadcrumb\",\"itemListElement\":[{\"@type\":\"ListItem\",\"position\":1,\"name\":\"Home\",\"item\":\"https:\/\/hostallacreu.com\/en\/\"},{\"@type\":\"ListItem\",\"position\":2,\"name\":\"perles-de-mel\u00f3-amb-virutes-de-pernil-i-foi\u00e9\"}]},{\"@type\":\"WebSite\",\"@id\":\"https:\/\/hostallacreu.com\/#website\",\"url\":\"https:\/\/hostallacreu.com\/\",\"name\":\"Hostal Gastron\u00f2mic La Creu\",\"description\":\"El teu allotjament i restaurant a la Ribera d&#039;Ebre\",\"potentialAction\":[{\"@type\":\"SearchAction\",\"target\":{\"@type\":\"EntryPoint\",\"urlTemplate\":\"https:\/\/hostallacreu.com\/?s={search_term_string}\"},\"query-input\":{\"@type\":\"PropertyValueSpecification\",\"valueRequired\":true,\"valueName\":\"search_term_string\"}}],\"inLanguage\":\"en-US\"}]}<\/script>\n<!-- \/ Yoast SEO plugin. -->","yoast_head_json":{"title":"perles-de-mel\u00f3-amb-virutes-de-pernil-i-foi\u00e9 - Hostal Gastron\u00f2mic La Creu","robots":{"index":"index","follow":"follow","max-snippet":"max-snippet:-1","max-image-preview":"max-image-preview:large","max-video-preview":"max-video-preview:-1"},"canonical":"https:\/\/hostallacreu.com\/wp-content\/uploads\/2014\/11\/perles-de-mel\u00f3-amb-virutes-de-pernil-i-foi\u00e9.jpg","og_locale":"en_US","og_type":"article","og_title":"perles-de-mel\u00f3-amb-virutes-de-pernil-i-foi\u00e9 - Hostal Gastron\u00f2mic La Creu","og_url":"https:\/\/hostallacreu.com\/wp-content\/uploads\/2014\/11\/perles-de-mel\u00f3-amb-virutes-de-pernil-i-foi\u00e9.jpg","og_site_name":"Hostal Gastron\u00f2mic La Creu","og_image":[{"width":1152,"height":768,"url":"https:\/\/hostallacreu.com\/wp-content\/uploads\/2014\/11\/perles-de-mel\u00f3-amb-virutes-de-pernil-i-foi\u00e9.jpg","type":"image\/jpeg"}],"schema":{"@context":"https:\/\/schema.org","@graph":[{"@type":"WebPage","@id":"https:\/\/hostallacreu.com\/wp-content\/uploads\/2014\/11\/perles-de-mel\u00f3-amb-virutes-de-pernil-i-foi\u00e9.jpg","url":"https:\/\/hostallacreu.com\/wp-content\/uploads\/2014\/11\/perles-de-mel\u00f3-amb-virutes-de-pernil-i-foi\u00e9.jpg","name":"perles-de-mel\u00f3-amb-virutes-de-pernil-i-foi\u00e9 - Hostal Gastron\u00f2mic La Creu","isPartOf":{"@id":"https:\/\/hostallacreu.com\/#website"},"datePublished":"2014-11-21T15:53:17+00:00","breadcrumb":{"@id":"https:\/\/hostallacreu.com\/wp-content\/uploads\/2014\/11\/perles-de-mel\u00f3-amb-virutes-de-pernil-i-foi\u00e9.jpg#breadcrumb"},"inLanguage":"en-US","potentialAction":[{"@type":"ReadAction","target":["https:\/\/hostallacreu.com\/wp-content\/uploads\/2014\/11\/perles-de-mel\u00f3-amb-virutes-de-pernil-i-foi\u00e9.jpg"]}]},{"@type":"BreadcrumbList","@id":"https:\/\/hostallacreu.com\/wp-content\/uploads\/2014\/11\/perles-de-mel\u00f3-amb-virutes-de-pernil-i-foi\u00e9.jpg#breadcrumb","itemListElement":[{"@type":"ListItem","position":1,"name":"Home","item":"https:\/\/hostallacreu.com\/en\/"},{"@type":"ListItem","position":2,"name":"perles-de-mel\u00f3-amb-virutes-de-pernil-i-foi\u00e9"}]},{"@type":"WebSite","@id":"https:\/\/hostallacreu.com\/#website","url":"https:\/\/hostallacreu.com\/","name":"Hostal Gastron\u00f2mic La Creu","description":"El teu allotjament i restaurant a la Ribera d&#039;Ebre","potentialAction":[{"@type":"SearchAction","target":{"@type":"EntryPoint","urlTemplate":"https:\/\/hostallacreu.com\/?s={search_term_string}"},"query-input":{"@type":"PropertyValueSpecification","valueRequired":true,"valueName":"search_term_string"}}],"inLanguage":"en-US"}]}},"description":{"rendered":"<p class=\"attachment\"><a href='https:\/\/hostallacreu.com\/wp-content\/uploads\/2014\/11\/perles-de-mel\u00f3-amb-virutes-de-pernil-i-foi\u00e9.jpg'><img loading=\"lazy\" decoding=\"async\" width=\"300\" height=\"200\" src=\"https:\/\/hostallacreu.com\/wp-content\/uploads\/2014\/11\/perles-de-mel\u00f3-amb-virutes-de-pernil-i-foi\u00e9-300x200.jpg\" class=\"attachment-medium size-medium\" alt=\"\" srcset=\"https:\/\/hostallacreu.com\/wp-content\/uploads\/2014\/11\/perles-de-mel\u00f3-amb-virutes-de-pernil-i-foi\u00e9-300x200.jpg 300w, https:\/\/hostallacreu.com\/wp-content\/uploads\/2014\/11\/perles-de-mel\u00f3-amb-virutes-de-pernil-i-foi\u00e9-1024x682.jpg 1024w, https:\/\/hostallacreu.com\/wp-content\/uploads\/2014\/11\/perles-de-mel\u00f3-amb-virutes-de-pernil-i-foi\u00e9-624x416.jpg 624w, https:\/\/hostallacreu.com\/wp-content\/uploads\/2014\/11\/perles-de-mel\u00f3-amb-virutes-de-pernil-i-foi\u00e9.jpg 1152w\" sizes=\"auto, (max-width: 300px) 100vw, 300px\" \/><\/a><\/p>\n"},"caption":{"rendered":""},"alt_text":"","media_type":"image","mime_type":"image\/jpeg","media_details":{"width":1152,"height":768,"file":"2014\/11\/perles-de-mel\u00f3-amb-virutes-de-pernil-i-foi\u00e9.jpg","sizes":{"thumbnail":{"file":"perles-de-mel\u00f3-amb-virutes-de-pernil-i-foi\u00e9-150x150.jpg","width":150,"height":150,"mime_type":"image\/jpeg","source_url":"https:\/\/hostallacreu.com\/wp-content\/uploads\/2014\/11\/perles-de-mel\u00f3-amb-virutes-de-pernil-i-foi\u00e9-150x150.jpg"},"medium":{"file":"perles-de-mel\u00f3-amb-virutes-de-pernil-i-foi\u00e9-300x200.jpg","width":300,"height":200,"mime_type":"image\/jpeg","source_url":"https:\/\/hostallacreu.com\/wp-content\/uploads\/2014\/11\/perles-de-mel\u00f3-amb-virutes-de-pernil-i-foi\u00e9-300x200.jpg"},"large":{"file":"perles-de-mel\u00f3-amb-virutes-de-pernil-i-foi\u00e9-1024x682.jpg","width":1024,"height":682,"mime_type":"image\/jpeg","source_url":"https:\/\/hostallacreu.com\/wp-content\/uploads\/2014\/11\/perles-de-mel\u00f3-amb-virutes-de-pernil-i-foi\u00e9-1024x682.jpg"},"post-thumbnail":{"file":"perles-de-mel\u00f3-amb-virutes-de-pernil-i-foi\u00e9-624x416.jpg","width":624,"height":416,"mime_type":"image\/jpeg","source_url":"https:\/\/hostallacreu.com\/wp-content\/uploads\/2014\/11\/perles-de-mel\u00f3-amb-virutes-de-pernil-i-foi\u00e9-624x416.jpg"},"full":{"file":"perles-de-mel\u00f3-amb-virutes-de-pernil-i-foi\u00e9.jpg","width":1152,"height":768,"mime_type":"image\/jpeg","source_url":"https:\/\/hostallacreu.com\/wp-content\/uploads\/2014\/11\/perles-de-mel\u00f3-amb-virutes-de-pernil-i-foi\u00e9.jpg"}},"image_meta":{"aperture":0,"credit":"","camera":"","caption":"","created_timestamp":0,"copyright":"","focal_length":0,"iso":0,"shutter_speed":0,"title":"","orientation":0}},"post":null,"source_url":"https:\/\/hostallacreu.com\/wp-content\/uploads\/2014\/11\/perles-de-mel\u00f3-amb-virutes-de-pernil-i-foi\u00e9.jpg","_links":{"self":[{"href":"https:\/\/hostallacreu.com\/en\/wp-json\/wp\/v2\/media\/2259","targetHints":{"allow":["GET"]}}],"collection":[{"href":"https:\/\/hostallacreu.com\/en\/wp-json\/wp\/v2\/media"}],"about":[{"href":"https:\/\/hostallacreu.com\/en\/wp-json\/wp\/v2\/types\/attachment"}],"author":[{"embeddable":true,"href":"https:\/\/hostallacreu.com\/en\/wp-json\/wp\/v2\/users\/3"}],"replies":[{"embeddable":true,"href":"https:\/\/hostallacreu.com\/en\/wp-json\/wp\/v2\/comments?post=2259"}]}}

http://hostallacreu.com/wp-content/uploads/2014/11/perles-de-meló-amb-virutes-de-pernil-i-foié.jpg

perles-de-meló-amb-virutes-de-pernil-i-foié

<!-- This site is optimized with the Yoast SEO plugin v26.2 - https://yoast.com/wordpress/plugins/seo/ -->
<title>perles-de-meló-amb-virutes-de-pernil-i-foié - Hostal Gastronòmic La Creu</title>
<meta name="robots" content="index, follow, max-snippet:-1, max-image-preview:large, max-video-preview:-1" />
<link rel="canonical" href="https://hostallacreu.com/wp-content/uploads/2014/11/perles-de-meló-amb-virutes-de-pernil-i-foié.jpg" />
<meta property="og:locale" content="en_US" />
<meta property="og:type" content="article" />
<meta property="og:title" content="perles-de-meló-amb-virutes-de-pernil-i-foié - Hostal Gastronòmic La Creu" />
<meta property="og:url" content="https://hostallacreu.com/wp-content/uploads/2014/11/perles-de-meló-amb-virutes-de-pernil-i-foié.jpg" />
<meta property="og:site_name" content="Hostal Gastronòmic La Creu" />
<meta property="og:image" content="https://hostallacreu.com/wp-content/uploads/2014/11/perles-de-meló-amb-virutes-de-pernil-i-foié.jpg" />
	<meta property="og:image:width" content="1152" />
	<meta property="og:image:height" content="768" />
	<meta property="og:image:type" content="image/jpeg" />
<script type="application/ld+json" class="yoast-schema-graph">{"@context":"https://schema.org","@graph":[{"@type":"WebPage","@id":"https://hostallacreu.com/wp-content/uploads/2014/11/perles-de-meló-amb-virutes-de-pernil-i-foié.jpg","url":"https://hostallacreu.com/wp-content/uploads/2014/11/perles-de-meló-amb-virutes-de-pernil-i-foié.jpg","name":"perles-de-meló-amb-virutes-de-pernil-i-foié - Hostal Gastronòmic La Creu","isPartOf":{"@id":"https://hostallacreu.com/#website"},"datePublished":"2014-11-21T15:53:17+00:00","breadcrumb":{"@id":"https://hostallacreu.com/wp-content/uploads/2014/11/perles-de-meló-amb-virutes-de-pernil-i-foié.jpg#breadcrumb"},"inLanguage":"en-US","potentialAction":[{"@type":"ReadAction","target":["https://hostallacreu.com/wp-content/uploads/2014/11/perles-de-meló-amb-virutes-de-pernil-i-foié.jpg"]}]},{"@type":"BreadcrumbList","@id":"https://hostallacreu.com/wp-content/uploads/2014/11/perles-de-meló-amb-virutes-de-pernil-i-foié.jpg#breadcrumb","itemListElement":[{"@type":"ListItem","position":1,"name":"Home","item":"https://hostallacreu.com/en/"},{"@type":"ListItem","position":2,"name":"perles-de-meló-amb-virutes-de-pernil-i-foié"}]},{"@type":"WebSite","@id":"https://hostallacreu.com/#website","url":"https://hostallacreu.com/","name":"Hostal Gastronòmic La Creu","description":"El teu allotjament i restaurant a la Ribera d&#039;Ebre","potentialAction":[{"@type":"SearchAction","target":{"@type":"EntryPoint","urlTemplate":"https://hostallacreu.com/?s={search_term_string}"},"query-input":{"@type":"PropertyValueSpecification","valueRequired":true,"valueName":"search_term_string"}}],"inLanguage":"en-US"}]}</script>
<!-- / Yoast SEO plugin. -->

perles-de-meló-amb-virutes-de-pernil-i-foié - Hostal Gastronòmic La Creu

https://hostallacreu.com/wp-content/uploads/2014/11/perles-de-meló-amb-virutes-de-pernil-i-foié.jpg

Hostal Gastronòmic La Creu

https://hostallacreu.com/wp-content/uploads/2014/11/perles-de-meló-amb-virutes-de-pernil-i-foié.jpg#breadcrumb

<p class="attachment"><a href='https://hostallacreu.com/wp-content/uploads/2014/11/perles-de-meló-amb-virutes-de-pernil-i-foié.jpg'><img loading="lazy" decoding="async" width="300" height="200" src="https://hostallacreu.com/wp-content/uploads/2014/11/perles-de-meló-amb-virutes-de-pernil-i-foié-300x200.jpg" class="attachment-medium size-medium" alt="" srcset="https://hostallacreu.com/wp-content/uploads/2014/11/perles-de-meló-amb-virutes-de-pernil-i-foié-300x200.jpg 300w, https://hostallacreu.com/wp-content/uploads/2014/11/perles-de-meló-amb-virutes-de-pernil-i-foié-1024x682.jpg 1024w, https://hostallacreu.com/wp-content/uploads/2014/11/perles-de-meló-amb-virutes-de-pernil-i-foié-624x416.jpg 624w, https://hostallacreu.com/wp-content/uploads/2014/11/perles-de-meló-amb-virutes-de-pernil-i-foié.jpg 1152w" sizes="auto, (max-width: 300px) 100vw, 300px" /></a></p>

2014/11/perles-de-meló-amb-virutes-de-pernil-i-foié.jpg

perles-de-meló-amb-virutes-de-pernil-i-foié-150x150.jpg

https://hostallacreu.com/wp-content/uploads/2014/11/perles-de-meló-amb-virutes-de-pernil-i-foié-150x150.jpg

perles-de-meló-amb-virutes-de-pernil-i-foié-300x200.jpg

https://hostallacreu.com/wp-content/uploads/2014/11/perles-de-meló-amb-virutes-de-pernil-i-foié-300x200.jpg

perles-de-meló-amb-virutes-de-pernil-i-foié-1024x682.jpg

https://hostallacreu.com/wp-content/uploads/2014/11/perles-de-meló-amb-virutes-de-pernil-i-foié-1024x682.jpg

perles-de-meló-amb-virutes-de-pernil-i-foié-624x416.jpg

https://hostallacreu.com/wp-content/uploads/2014/11/perles-de-meló-amb-virutes-de-pernil-i-foié-624x416.jpg

perles-de-meló-amb-virutes-de-pernil-i-foié.jpg
